ctors of 34400526?
2, 3, 19, 301759
List the prime factors of 61650035.
5, 379, 32533
What are the prime factors of 359632351?
13, 27664027
What are the prime factors of 83722912?
2, 7, 13, 28751
List the prime factors of 11708172.
2, 3, 7, 17, 911
What are the prime factors of 148533107?
103, 1442069
What are the prime factors of 2180330476?
2, 647, 842477
What are the prime factors of 18223063?
73, 107, 2333
What are the prime factors of 21709903?
21709903
List the prime factors of 4066545.
3, 5, 7, 38729
What are the prime factors of 95932751?
17, 5643103
List the prime factors of 427660041.
3, 17, 89, 94219
List the prime factors of 387717925.
5, 7, 2215531
What are the prime factors of 142384244?
2, 47, 757363
List the prime factors of 1384070.
2, 5, 138407
What are the prime factors of 239640817?
13, 1417993
What are the prime factors of 115369483?
61, 1891303
What are the prime factors of 138578056?
2, 17322257
What are the prime factors of 97863202?
2, 48931601
List the prime factors of 34497974.
2, 7, 41, 60101
What are the prime factors of 3502118065?
5, 17, 1999, 20611
What are the prime factors of 522912459?
3, 47, 1777, 2087
List the prime factors of 114617145.
3, 5, 17, 43, 10453
What are the prime factors of 668268254?
2, 1801, 185527
List the prime factors of 2964061600.
2, 5, 3705077
List the prime factors of 1963547.
127, 15461
List the prime factors of 34213968.
2, 3, 29, 2731
What are the prime factors of 195734868?
2, 3, 7, 31, 75167
List the prime factors of 110789900.
2, 5, 13, 85223
What are the prime factors of 182726365?
5, 47, 197, 3947
What are the prime factors of 56130425?
5, 13, 172709
What are the prime factors of 61693377?
3, 20564459
List the prime factors of 34655869.
61, 97, 5857
List the prime factors of 24682865.
5, 1697, 2909
What are the prime factors of 1495187835?
3, 5, 941, 105929
List the prime factors of 247645240.
2, 5, 19, 325849
List the prime factors of 117533181.
3, 199, 196873
What are the prime factors of 235133609?
677, 347317
What are the prime factors of 321479170?
2, 5, 271, 313, 379
List the prime factors of 256736550.
2, 3, 5, 7, 17, 19, 757
List the prime factors of 387890514.
2, 3, 11, 1321, 1483
List the prime factors of 353640968.
2, 37, 1194733
What are the prime factors of 165254359?
165254359
List the prime factors of 464925116.
2, 43, 53, 51001
List the prime factors of 1543153808.
2, 7, 683, 20173
What are the prime factors of 202947113?
19, 353, 30259
List the prime factors of 52931993.
23, 151, 15241
List the prime factors of 37552484.
2, 37, 253733
What are the prime factors of 581180104?
2, 72647513
List the prime factors of 84430741.
84430741
What are the prime factors of 5064016198?
2, 30203, 83833
What are the prime factors of 158422529?
158422529
What are the prime factors of 50450677?
347, 145391
What are the prime factors of 34160085?
3, 5, 759113
List the prime factors of 36774644.
2, 83, 257, 431
List the prime factors of 266635975.
5, 107, 263, 379
List the prime factors of 2357083732.
2, 883, 667351
List the prime factors of 36832017.
3, 167, 73517
What are the prime factors of 8071492881?
3, 67, 179, 263, 853
List the prime factors of 179245339.
7, 13, 1969729
What are the prime factors of 2045793519?
3, 7, 11, 103, 28661
List the prime factors of 46541222.
2, 7, 13, 19, 43, 313
List the prime factors of 547933537.
61, 8982517
List the prime factors of 2648642724.
2, 3, 7, 13, 733, 1103
What are the prime factors of 42579706?
2, 13, 67, 24443
List the prime factors of 1279192346.
2, 639596173
What are the prime factors of 88672493?
7, 13, 17, 31, 43
What are the prime factors of 1509942569?
1509942569
List the prime factors of 1728298275.
3, 5, 11, 113, 18539
List the prime factors of 117162765.
3, 5, 2603617
What are the prime factors of 287085647?
17, 157, 107563
List the prime factors of 3167465587.
11, 13, 563, 39343
What are the prime factors of 3202302725?
5, 128092109
List the prime factors of 3072436333.
17, 1249, 144701
List the prime factors of 1358779636.
2, 61, 691, 8059
What are the prime factors of 142709574?
2, 3, 7, 71, 47857
What are the prime factors of 26732635?
5, 29, 263, 701
List the prime factors of 304442727.
3, 151, 672059
What are the prime factors of 1269030232?
2, 158628779
What are the prime factors of 413684523?
3, 7, 2188807
What are the prime factors of 171555396?
2, 3, 509, 28087
List the prime factors of 299058837.
3, 7, 11, 1294627
List the prime factors of 13069177.
11, 37, 163, 197
List the prime factors of 7380880.
2, 5, 13, 47, 151
List the prime factors of 405512974.
2, 29, 6991603
List the prime factors of 5433366630.
2, 3, 5, 29, 6245249
What are the prime factors of 27353760?
2, 3, 5, 7, 1163
What are the prime factors of 13757200?
2, 5, 163, 211
What are the prime factors of 1743469524?
2, 3, 2383, 20323
List the prime factors of 82492030.
2, 5, 23, 59, 6079
List the prime factors of 488916771.
3, 7, 29, 751, 1069
List the prime factors of 1571084308.
2, 17, 71, 325411
List the prime factors of 62311810.
2, 5, 11, 467, 1213
What are the prime factors of 104847128?
2, 149, 87959
What are the prime factors of 154658265?
3, 5, 17, 606503
List the prime factors of 1532252762.
2, 659, 1162559
What are the prime factors of 211800702?
2, 3, 4831, 7307
What are the prime factors of 72377728?
2, 565451
What are the prime factors of 144118484?
2, 36029621
List the prime factors of 2191329049.
7, 13, 3440077
List the prime factors of 698467530.
2, 3, 5, 1223, 19037
List the prime factors of 3517974244.
2, 73, 829, 14533
What are the prime factors of 1637578976?
2, 11, 43, 108191
What are the prime factors of 420440840?
2, 5, 29, 362449
What are the prime factors of 124249397?
124249397
List the prime factors of 51438050.
2, 5, 1028761
List the prime factors of 537975233.
537975233
List the prime factors of 119318240.
2, 5, 17, 43867
What are the prime factors of 54899684?
2, 7, 1960703
What are the prime factors of 375728984?
2, 46966123
List the prime factors of 727425972.
2, 3, 7, 13, 31721
List the prime factors of 4075577.
11, 23, 89, 181
What are the prime factors of 82264011?
3, 2081, 13177
What are the prime factors of 130920713?
7, 11, 1700269
What are the prime factors of 26533804?
2, 11, 17, 19, 1867
What are the prime factors of 1782314107?
7, 269, 911, 1039
What are the prime factors of 2412958211?
2412958211
What are the prime factors of 556565786?
2, 7, 39754699
What are the prime factors of 120854894?
2, 167, 487, 743
What are the prime factors of 4475937139?
31, 3109, 46441
What are the prime factors of 412976190?
2, 3, 5, 11, 41, 131, 233
What are the prime factors of 3321470907?
3, 123017441
What are the prime factors of 267929830?
2, 5, 7, 19, 201451
List the prime factors of 1398982756.
2, 31, 11282119
What are the prime factors of 177303158?
2, 29, 3056951
What are the prime factors of 75635131?
11, 13, 599, 883
What are the prime factors of 414963801?
3, 7, 229, 587
What are the prime factors of 2357934124?
2, 7, 13, 19, 340939
What are the prime factors of 184264889?
184264889
List the prime factors of 142058343.
3, 7, 97, 69739
What are the prime factors of 282088659?
3, 94029553
List the prime factors of 4718636918.
2, 35851, 65809
List the prime factors of 507547498.
2, 253773749
What are the prime factors of 70849800?
2, 3, 5, 7, 5623
What are the prime factors of 56078419?
4099, 13681
List the prime factors of 99002113.
7, 181, 78139
List the prime factors of 370980668.
2, 92745167
What are the prime factors of 9860768?
2, 308149
What are the prime factors of 84965389?
29, 31, 3259
What are the prime factors of 1345005780?
2, 3, 5, 1889, 11867
What are the prime factors of 957757830?
2, 3, 5, 31925261
What are the prime factors of 1521410142?
2, 3, 7, 19, 179, 10651
What are the prime factors of 419742134?
2, 7, 23, 37, 719
What are the prime factors of 1097642457?
3, 2143, 56911
List the prime factors of 26418843.
3, 11, 59, 4523
List the prime factors of 1042357394.
2, 13, 40090669
List the prime factors of 62119536.
2, 3, 31, 109, 383
What are the prime factors of 211644012?
2, 3, 457, 38593
What are the prime factors of 188148036?
2, 3, 15679003
What are the prime factors of 27381490?
2, 5, 273